e remainder when 1581836 is divided by 10?
6
Calculate the remainder when 5339 is divided by 14.
5
What is the remainder when 128867 is divided by 260?
167
Calculate the remainder when 7508 is divided by 7101.
407
Calculate the remainder when 142086 is divided by 191.
173
Calculate the remainder when 955 is divided by 24.
19
Calculate the remainder when 132037 is divided by 31.
8
What is the remainder when 4163 is divided by 110?
93
What is the remainder when 4094 is divided by 1692?
710
Calculate the remainder when 40462 is divided by 78.
58
What is the remainder when 30600 is divided by 7?
3
What is the remainder when 9388 is divided by 16?
12
What is the remainder when 60766 is divided by 284?
274
Calculate the remainder when 5835 is divided by 721.
67
What is the remainder when 1755 is divided by 868?
19
What is the remainder when 356640 is divided by 19?
10
Calculate the remainder when 1283121 is divided by 37.
35
Calculate the remainder when 4578 is divided by 2189.
200
What is the remainder when 472386 is divided by 118094?
10
Calculate the remainder when 1216 is divided by 107.
39
What is the remainder when 2954 is divided by 216?
146
Calculate the remainder when 21301 is divided by 96.
85
Calculate the remainder when 2491 is divided by 12.
7
What is the remainder when 7666 is divided by 3758?
150
What is the remainder when 13319 is divided by 7?
5
What is the remainder when 34676 is divided by 8619?
200
Calculate the remainder when 317612 is divided by 624.
620
Calculate the remainder when 1536 is divided by 315.
276
Calculate the remainder when 22082 is divided by 91.
60
What is the remainder when 14295 is divided by 2032?
71
Calculate the remainder when 65613 is divided by 21844.
81
What is the remainder when 3486 is divided by 1146?
48
Calculate the remainder when 1035472 is divided by 319.
317
What is the remainder when 122445 is divided by 343?
337
Calculate the remainder when 225281 is divided by 28.
21
What is the remainder when 5469901 is divided by 44?
41
Calculate the remainder when 347 is divided by 71.
63
Calculate the remainder when 58204 is divided by 327.
325
Calculate the remainder when 1429384 is divided by 714690.
4
What is the remainder when 53621 is divided by 53574?
47
What is the remainder when 316065 is divided by 17?
1
Calculate the remainder when 38035 is divided by 177.
157
What is the remainder when 27971 is divided by 6?
5
What is the remainder when 29198 is divided by 1265?
103
Calculate the remainder when 5522 is divided by 74.
46
What is the remainder when 1441 is divided by 1318?
123
Calculate the remainder when 5300 is divided by 782.
608
What is the remainder when 249255 is divided by 206?
201
Calculate the remainder when 4048 is divided by 1261.
265
What is the remainder when 1229 is divided by 1023?
206
What is the remainder when 86003 is divided by 36?
35
What is the remainder when 66712 is divided by 32?
24
What is the remainder when 67219 is divided by 33?
31
Calculate the remainder when 291072 is divided by 44.
12
What is the remainder when 124 is divided by 27?
16
Calculate the remainder when 286451 is divided by 2728.
11
What is the remainder when 33187 is divided by 666?
553
What is the remainder when 8859 is divided by 8679?
180
What is the remainder when 59894 is divided by 25?
19
What is the remainder when 135101 is divided by 2599?
2552
Calculate the remainder when 3988 is divided by 995.
8
What is the remainder when 463881 is divided by 4069?
15
Calculate the remainder when 2694 is divided by 39.
3
Calculate the remainder when 7809 is divided by 1947.
21
What is the remainder when 10180 is divided by 1111?
181
Calculate the remainder when 1639889 is divided by 822.
821
Calculate the remainder when 1731 is divided by 110.
81
What is the remainder when 2885 is divided by 270?
185
Calculate the remainder when 21993 is divided by 11.
4
What is the remainder when 118937 is divided by 126?
119
What is the remainder when 5438 is divided by 1471?
1025
Calculate the remainder when 640 is divided by 125.
15
What is the remainder when 60268 is divided by 123?
121
Calculate the remainder when 28642 is divided by 16.
2
What is the remainder when 137107 is divided by 841?
24
Calculate the remainder when 5614 is divided by 200.
14
Calculate the remainder when 120713 is divided by 288.
41
Calculate the remainder when 1769 is divided by 698.
373
Calculate the remainder when 26691 is divided by 70.
21
Calculate the remainder when 493 is divided by 282.
211
Calculate the remainder when 36476 is divided by 248.
20
Calculate the remainder when 10918 is divided by 20.
18
What is the remainder when 86925 is divided by 92?
77
Calculate the remainder when 5379 is divided by 1300.
179
Calculate the remainder when 24658 is divided by 13.
10
Calculate the remainder when 720 is divided by 69.
30
What is the remainder when 2449 is divided by 268?
37
Calculate the remainder when 63553 is divided by 63529.
24
What is the remainder when 20182 is divided by 44?
30
What is the remainder when 8926 is divided by 4440?
46
Calculate the remainder when 14198 is divided by 591.
14
Calculate the remainder when 6868 is divided by 1566.
604
Calculate the remainder when 10074 is divided by 454.
86
Calculate the remainder when 965 is divided by 28.
13
Calculate the remainder when 1418402 is divided by 26.
24
What is the remainder when 294692 is divided by 5667?
8
Calculate the remainder when 132050 is divided by 32983.
118
Calculate the remainder when 512568 is divided by 197.
171
Calculate the remainder when 2650491 is divided by 11.
8
What is the remainder when 32155 is divided by 16077?
1
What is the remainder when 31494 is divided by 5247?
12
Calculate the remainder when 1565351 is divided by 28.
11
What is the remainder when 157764 is divided by 129?
126
What is the remainder when 18729 is divided by 28?
25
What is the remainder when 39743 is divided by 1371?
1355
Calculate the remainder when 169543 is divided by 26.
23
What is the remainder when 1590 is divided by 471?
177
Calculate the remainder when 22772 is divided by 27.
11
What is the remainder when 707 is divided by 302?
103
What is the remainder when 270355 is divided by 24?
19
What is the remainder when 16104 is divided by 348?
96
What is the remainder when 2268 is divided by 508?
236
What is the remainder when 232699 is divided by 1300?
1299
What is the remainder when 19788 is divided by 460?
8
What is the remainder when 65736 is divided by 16432?
8
Calculate the remainder when 19559 is divided by 163.
162
What is the remainder when 33678 is divided by 1024?
910
Calculate the remainder when 8058 is divided by 3943.
172
Calculate the remainder when 16128 is divided by 164.
56
What is the remainder when 1421 is divided by 498?
425
What is the remainder when 155800 is divided by 820?
0
What is the remainder when 995666 is divided by 18438?
14
Calculate the remainder when 56209 is divided by 1338.
13
Calculate the remainder when 3469 is divided by 112.
109
What is the remainder when 2178448 is divided by 450?
448
Calculate the remainder when 203581 is divided by 101790.
1
Calculate the remainder when 161946 is divided by 183.
174
Calculate the remainder when 7350 is divided by 1050.
0
What is the remainder when 35695 is divided by 97?
96
What is the remainder when 2581631 is divided by 946?
943
What is the remainder when 125213 is divided by 26?
23
What is the remainder when 12032 is divided by 874?
670
Calculate the remainder when 17305 is divided by 72.
25
What is the remainder when 341013 is divided by 870?
843
Calculate the remainder when 268086 is divided by 1181.
1180
Calculate the remainder when 34552 is divided by 60.
52
Calculate the remainder when 73776 is divided by 9.
3
What is the remainder when 311646 is divided by 470?
36
What is the remainder when 685774 is divided by 49?
19
Calculate the remainder when 7699 is divided by 31.
11
What is the remainder when 6327 is divided by 109?
5
What is the remainder when 52467 is divided by 26233?
1
Calculate the remainder when 1706 is divided by 188.
14
Calculate the remainder when 60877 is divided by 60833.
44
Calculate the remainder when 128 is divided by 84.
44
Calculate the remainder when 13767 is divided by 2